{"id":873,"date":"2022-05-20T08:47:03","date_gmt":"2022-05-20T08:47:03","guid":{"rendered":"https:\/\/piarist.info\/?page_id=873"},"modified":"2025-11-25T18:36:05","modified_gmt":"2025-11-25T18:36:05","slug":"piarist-escolapios","status":"publish","type":"page","link":"https:\/\/piarist.info\/?page_id=873","title":{"rendered":"Piarist \/ Escolapios"},"content":{"rendered":"\n<figure class=\"wp-block-image size-full\"><img loading=\"lazy\" decoding=\"async\" width=\"960\" height=\"130\" src=\"https:\/\/piarist.info\/wp-content\/uploads\/2022\/05\/BannerEscolapios.jpg\" alt=\"\" class=\"wp-image-732\" srcset=\"https:\/\/piarist.info\/wp-content\/uploads\/2022\/05\/BannerEscolapios.jpg 960w, https:\/\/piarist.info\/wp-content\/uploads\/2022\/05\/BannerEscolapios-300x41.jpg 300w, https:\/\/piarist.info\/wp-content\/uploads\/2022\/05\/BannerEscolapios-768x104.jpg 768w, https:\/\/piarist.info\/wp-content\/uploads\/2022\/05\/BannerEscolapios-950x130.jpg 950w\" sizes=\"auto, (max-width: 960px) 100vw, 960px\" \/><\/figure>\n\n\n\n<p id=\"English\">English \/ <a href=\"#Castellano\">Castellano<\/a><\/p>\n\n\n\n<p>We are a Religious Order founded in the 17<sup>th<\/sup>&nbsp;century by St. Joseph Calasanz (1557-1648) and dedicated to evangelize through education the children and preferably poor, therefore we profess a special fourth vow.<\/p>\n\n\n\n<p>St. Joseph Calasanz, declared in 1948 by Pope Pius XII \u201cUniversal patron of all Christian popular schools in the world\u201d, has the glory of opening \u201cthe first public popular free school in Europe\u201d in 1597 (Von Pastor). He proclaimed the right to education of all children and fought for it, being chased by this reason. But he had a resounding success in his purpose as it responded to the challenges and needs of his time.<\/p>\n\n\n\n<p>The Pauline Congregation of Clerics Regular Poor of the Mother of God of the Pious Schools was founded in 1617 (\u201cPauline\u201d name comes from the Pope Paul V who approved it), which Gregorio XV elevated to Religious Order in 1621 with the current name. Soon it spread throughout Italy and central Europe. It is currently widespread in 4 continents (Europe, Asia, Africa and America). We are more than 1,300 religious.<\/p>\n\n\n\n<p>For more than four centuries, Piarists have always been with others at the head of the education and today like yesterday, we care for the formation of children, especially the most underprivileged, and for the dreams and aspirations of youth. We don\u2019t carry this mission out alone, we share it with over a hundred thousand laity and with male and female religious congregations that form the Calasanz Family.<\/p>\n\n\n\n<figure class=\"wp-block-image size-large\"><img loading=\"lazy\" decoding=\"async\" width=\"903\" height=\"1024\" src=\"https:\/\/piarist.info\/wp-content\/uploads\/2022\/05\/infograma-SCOLOPI-JUN-2019-eng-903x1024.jpg\" alt=\"\" class=\"wp-image-874\" srcset=\"https:\/\/piarist.info\/wp-content\/uploads\/2022\/05\/infograma-SCOLOPI-JUN-2019-eng-903x1024.jpg 903w, https:\/\/piarist.info\/wp-content\/uploads\/2022\/05\/infograma-SCOLOPI-JUN-2019-eng-265x300.jpg 265w, https:\/\/piarist.info\/wp-content\/uploads\/2022\/05\/infograma-SCOLOPI-JUN-2019-eng-768x870.jpg 768w, https:\/\/piarist.info\/wp-content\/uploads\/2022\/05\/infograma-SCOLOPI-JUN-2019-eng-1355x1536.jpg 1355w, https:\/\/piarist.info\/wp-content\/uploads\/2022\/05\/infograma-SCOLOPI-JUN-2019-eng-1807x2048.jpg 1807w\" sizes=\"auto, (max-width: 903px) 100vw, 903px\" \/><\/figure>\n\n\n\n<h2 class=\"wp-block-heading\">Escolapios<\/h2>\n\n\n\n<p><a href=\"#English\">English<\/a> \/ Castellano<\/p>\n\n\n\n<p>Somos una Orden Religiosa fundada en el siglo XVII por S. Jos\u00e9 de Calasanz (1557-1648) y dedicada a evangelizar mediante la educaci\u00f3n a los ni\u00f1os y preferentemente pobres, por ello nos consagramos con un cuarto voto especial.<\/p>\n\n\n\n<p>S. Jos\u00e9 de Calasanz, declarado en 1948 por el Papa P\u00edo XII \u00abPatrono Universal de todas las escuelas populares cristianas del mundo\u00bb, tiene la gloria de haber abierto en 1597 \u00abla primera escuela p\u00fablica popular gratuita en Europa\u00bb (Von Pastor). Proclam\u00f3 el derecho a la educaci\u00f3n de todos los ni\u00f1os y luch\u00f3 por ello, siendo perseguido por este motivo. Pero tuvo un rotundo \u00e9xito en su prop\u00f3sito pues respondi\u00f3 a los retos y necesidades de su \u00e9poca.<\/p>\n\n\n\n<blockquote class=\"wp-block-quote is-layout-flow wp-block-quote-is-layout-flow\"><p><strong>En 1617 se fund\u00f3 la Congregaci\u00f3n Paulina de Cl\u00e9rigos Regulares Pobres de la Madre de Dios de las Escuelas P\u00edas (el nombre paulina viene del Papa Paulo V que la aprob\u00f3), que Gregorio XV elev\u00f3 a Orden Religiosa en 1621 con el nombre actual. Pronto se extendi\u00f3 por toda Italia y Europa central. Actualmente est\u00e1 difundida en 4 continentes (Europa, Asia, \u00c1frica y Am\u00e9rica). Somos m\u00e1s de 1.300 religiosos.<\/strong><\/p><\/blockquote>\n\n\n\n<p>Por m\u00e1s de cuatro siglos, los Escolapios hemos estado siempre con otros a la cabeza de la educaci\u00f3n y, hoy como ayer, nos preocupamos por la formaci\u00f3n de los ni\u00f1os, especialmente de los m\u00e1s desamparados, y por los sue\u00f1os y aspiraciones de la juventud. Esta misi\u00f3n no la llevamos adelante solos, la compartimos con m\u00e1s de cien mil laicos y con las congregaciones religiosas femeninas y masculinas que forman la gran Familia Calasancia.<\/p>\n\n\n\n<figure class=\"wp-block-image size-large\"><img loading=\"lazy\" decoding=\"async\" width=\"903\" height=\"1024\" src=\"https:\/\/piarist.info\/wp-content\/uploads\/2022\/05\/infograma-SCOLOPI-JUN-2019-903x1024.jpg\" alt=\"\" class=\"wp-image-875\" srcset=\"https:\/\/piarist.info\/wp-content\/uploads\/2022\/05\/infograma-SCOLOPI-JUN-2019-903x1024.jpg 903w, https:\/\/piarist.info\/wp-content\/uploads\/2022\/05\/infograma-SCOLOPI-JUN-2019-265x300.jpg 265w, https:\/\/piarist.info\/wp-content\/uploads\/2022\/05\/infograma-SCOLOPI-JUN-2019-768x870.jpg 768w, https:\/\/piarist.info\/wp-content\/uploads\/2022\/05\/infograma-SCOLOPI-JUN-2019-1355x1536.jpg 1355w, https:\/\/piarist.info\/wp-content\/uploads\/2022\/05\/infograma-SCOLOPI-JUN-2019-1807x2048.jpg 1807w\" sizes=\"auto, (max-width: 903px) 100vw, 903px\" \/><\/figure>\n","protected":false},"excerpt":{"rendered":"<p class=\"text-justify mb-2\">English \/ Castellano We are a Religious Order founded in the 17th&nbsp;century by St. Joseph Calasanz (1557-1648) and dedicated to evangelize through education the children and preferably poor, therefore we profess a special fourth vow. St. Joseph Calasanz, declared in 1948 by Pope Pius XII [&hellip;]<\/p>\n","protected":false},"author":1,"featured_media":1196,"parent":0,"menu_order":0,"comment_status":"closed","ping_status":"closed","template":"","meta":{"footnotes":""},"class_list":["post-873","page","type-page","status-publish","has-post-thumbnail","hentry"],"featured_image_src":"https:\/\/piarist.info\/wp-content\/uploads\/2025\/11\/El-Papa-recibio-el-documento-de-Piarist-Synod-600x400.jpg","featured_image_src_square":"https:\/\/piarist.info\/wp-content\/uploads\/2025\/11\/El-Papa-recibio-el-documento-de-Piarist-Synod-600x600.jpg","_links":{"self":[{"href":"https:\/\/piarist.info\/index.php?rest_route=\/wp\/v2\/pages\/873","targetHints":{"allow":["GET"]}}],"collection":[{"href":"https:\/\/piarist.info\/index.php?rest_route=\/wp\/v2\/pages"}],"about":[{"href":"https:\/\/piarist.info\/index.php?rest_route=\/wp\/v2\/types\/page"}],"author":[{"embeddable":true,"href":"https:\/\/piarist.info\/index.php?rest_route=\/wp\/v2\/users\/1"}],"replies":[{"embeddable":true,"href":"https:\/\/piarist.info\/index.php?rest_route=%2Fwp%2Fv2%2Fcomments&post=873"}],"version-history":[{"count":0,"href":"https:\/\/piarist.info\/index.php?rest_route=\/wp\/v2\/pages\/873\/revisions"}],"wp:featuredmedia":[{"embeddable":true,"href":"https:\/\/piarist.info\/index.php?rest_route=\/wp\/v2\/media\/1196"}],"wp:attachment":[{"href":"https:\/\/piarist.info\/index.php?rest_route=%2Fwp%2Fv2%2Fmedia&parent=873"}],"curies":[{"name":"wp","href":"https:\/\/api.w.org\/{rel}","templated":true}]}}